a. Calculate w(a).
-11
Let n(i) = -9*i**2 + i. Let q(k) = -k**3 + 8*k**2 + 10*k - 4. Let s be q(9). Suppose 2*h - s*h = -3. Determine n(h).
-8
Let n(g) = 9*g**3 + 20*g**2 + 11*g. Let f(y) = -4*y**3 - 9*y**2 - 5*y. Let q(k) = -13*f(k) - 6*n(k). Determine q(-2).
6
Let o(i) = -i**2 + 5*i + 2. Let c(x) be the third derivative of -x**5/60 + x**4/4 + x**3 + 24*x**2. Let h be c(6). Calculate o(h).
-4
Suppose -5*v = -2*i - 20, -4*v - 5*i - 21 = -2*v. Let t(a) = -5 - 2*a - 4*a**2 + 4 + 0 + v*a**2. Calculate t(2).
-13
Suppose -2*y = -10, -26*n + 30*n = -5*y + 1. Let p(h) = 2*h**2 + 15*h + 16. Calculate p(n).
-2
Let w be 14*-2*(-3)/12. Let p(a) = -w*a - 2 - 4*a**2 - 5 + 3*a**2 + 0. Suppose -6 = r - 1. Calculate p(r).
3
Let l(j) be the first derivative of -3*j**2 - 16 - 3*j - 1/3*j**3. Calculate l(-2).
5
Let q(d) = d**3 - 2*d**2 + d**2 + 36*d - 37*d + 19 - 18. Calculate q(1).
0
Let z(i) be the third derivative of -7*i**4/12 - 19*i**3/3 + i**2. Let f(r) = -5*r - 13. Let c(j) = 17*f(j) - 6*z(j). What is c(10)?
-3
Let k(g) be the second derivative of g**3/6 - 5*g**2/2 - 129*g - 2. What is k(4)?
-1
Let k(t) = -2*t. Suppose -3*f + 57 = g, 0*g = -4*f - 2*g + 74. Suppose b - f = -3*b. Let i be 3/((-2)/(b - 3)). Determine k(i).
6
Let r(w) = -w**2 - 6*w - 2. Let b(q) = 17*q - 10. Let m be b(-3). Let x = -64 - m. Determine r(x).
7
Let v = 36 + -50. Let a = 16 + v. Suppose 0 = -3*j - 1 - a. Let b(c) = -6*c - 1. What is b(j)?
5
Let i(d) = -d**3 - 3*d - 14*d**2 - 7*d**2 + 41*d**2 - 11*d**2 - 4*d**2. What is i(3)?
9
Let o(w) be the third derivative of -w**6/120 - 3*w**5/20 + 5*w**4/12 - 11*w**3/6 - 31*w**2 + 3. Calculate o(-10).
-11
Suppose -c - 2*p = 2*c + 6, 5*c + 10 = -2*p. Let z be 20/28 + c/(-7). Let m(t) = -2*t + t + 5*t**2 + z - 4*t**2 + 3*t. Determine m(-2).
1
Let f(x) = -4*x - 7. Let u be (-1)/(-2) + (-382)/(-4). Let m = u - 102. Calculate f(m).
17
Let o(g) be the second derivative of g**5/60 + g**4/24 - g**3/6 - 14*g**2 - g. Let d(f) be the first derivative of o(f). Calculate d(-4).
11
Let x(t) = 2*t**2 - 47. Let f be x(5). Let b be (-2 - -7) + (1 - 3). Let u(j) = -4 - f + 1 - b*j + j. Determine u(-7).
8
Let f(l) = -1. Let q(a) = 2*a**2 - 4*a + 4*a + 6*a - a. Let s(z) = -4*f(z) + q(z). Let i(y) = y**2 + 4*y + 3. Let k(j) = -3*i(j) + 2*s(j). What is k(2)?
-1
Let n(b) be the second derivative of -b**4/12 + b**3/3 + b**2 + 712*b. Give n(-3).
-13
Let m(j) be the second derivative of -j**4/24 - j**3/6 + j**2 + 4*j. Let d(l) be the first derivative of m(l). Determine d(-3).
2
Let w(a) = -a - 11. Let h = 328 - 336. Calculate w(h).
-3
Let o(l) = -l**2 + 1. Let t be o(2). Let v(f) = 4*f**2 - 10. Let h(w) = -3*w**2 + 9. Let r(y) = t*h(y) - 2*v(y). Determine r(0).
-7
Suppose -4*q + 22 = -2*q + 2*h, 20 = -5*h. Let d(v) = -3 - 3*v + 14*v**2 - q*v**2 + 8*v. Give d(3).
3
Let j = -536 - -556. Let x(z) = z**3 - 19*z**2 - 18*z - 30. Give x(j).
10
Let d = 34 + -41. Let m(b) = 5*b**2 - 14*b - 10. Let x(g) = 3*g**2 - 7*g - 5. Let o(c) = d*x(c) + 4*m(c). Give o(-6).
1
Let p(n) = 73*n**2 + 78*n**2 + 6 - 6*n - 150*n**2. Determine p(4).
-2
Suppose -2*i = 4*a - 20, -5*i = a + 3*a - 44. Let z = i - 7. Let n(h) = -8*h - 1. What is n(z)?
-9
Let f = -42 - -45. Suppose 0 = 5*t + 29 - 9, -2*t - f = -n. Let k(a) = a**3 + 6*a**2 + 5*a + 1. Give k(n).
1
Let f(i) = -6*i - 9. Let x(p) = -2*p - 1. Let j(s) = -f(s) + 4*x(s). What is j(9)?
-13
Let p(v) = 5*v**3 + 10*v**2 - 16. Let f(q) = 4*q**3 + 9*q**2 + q - 15. Let w(h) = -6*f(h) + 5*p(h). Determine w(4).
-14
Let v(y) = 2*y**2 - 3*y - 3. Suppose -2*w - 4*w = -18. Let a be (-3)/12*0 + w. Suppose h + 17 = a*j + 5*h, 0 = 4*j - 3*h - 6. Determine v(j).
6
Let m(s) = -s**2 + 4*s - 1. Let z(a) = -6*a**2 + 10*a + 7. Let f(y) = 5*m(y) - z(y). Determine f(-11).
-1
Let r(z) = -z**2 - 7*z - 6. Let q be r(-4). Let w(t) be the second derivative of -t**4/12 + t**3 + t**2 + 7*t. What is w(q)?
2
Let v(x) = 15*x**2 - 19*x - 32*x**3 + 18 + 33*x**3 - 20 + 44*x. Determine v(-13).
11
Let d be (-6)/(-5) - 1/5. Let r = -35 - -40. Let k(z) = -z**3 + 1. Let v(j) = j**3 - 2. Let g(f) = r*k(f) + 3*v(f). What is g(d)?
-3
Let c = 7 + -11. Let t(j) = -6248 - 3*j**2 - 27*j - j**3 + 3124 + 3124 + 29*j. Give t(c).
8
Let r(z) = -3*z + 0*z**2 + 3*z**2 - 7 + z**2 - 5*z**2. Let l(h) = -1. Let k(t) = 4*l(t) - r(t). Determine k(-2).
1
Let j = -16 - -11. Let z(d) = -4422*d + 8846*d - 5*d**2 - d**3 - 1 - 4423*d. Determine z(j).
-6
Let d(z) = z**3 - 2*z**2 + 3. Let l(k) = -k**3 - 29*k**2 + 6*k + 174. Let m be l(-29). What is d(m)?
3
Let q(g) = -5*g - 1. Let z(d) = 21*d + 6. Let m(i) = -9*q(i) - 2*z(i). Calculate m(-2).
-9
Let i(q) = -q**2 + 6*q + 4. Suppose -33 = 2*v - 5*v. Let w(g) = -2*g + 6. Let u be w(v). Let m = u + 21. What is i(m)?
9
Let z(a) be the second derivative of a**3/6 - 3*a**2/2 + a + 324. Give z(5).
2
Let i be (-1)/(1/(10 - -1)). Let n(p) = -5*p - 39. Let t(y) = 6*y + 45. Let o(b) = 5*n(b) + 4*t(b). Calculate o(i).
-4
Let u(m) = -m**2 - 39 + 8 + 15 + 12 + 5*m. Suppose 5*l = -a + 26, -4*a + 13 - 5 = 4*l. Let r be (l - 2)*5/4. Determine u(r).
-4
Let p(q) = q**3 - 6*q**2 + 3*q - 3. Let z be -7 + -1 + 8 - -6. Calculate p(z).
15
Let l = 28 - 28. Let k be l + 3/9*0. Let w(y) = -38*y**2 + k*y + 39*y**2 + 2*y. What is w(2)?
8
Let w(p) = -222*p + 3. Let f(b) = -121*b + 2. Let j(k) = -11*f(k) + 6*w(k). Let l(x) = -x**2 + 4*x + 5. Let u be l(5). Let n = u - 6. Give j(n).
2
Let n(w) = -w + 4. Suppose 13*y + 376 = 467. What is n(y)?
-3
Let d be 0*(3/(-2) - -2). Let m(t) = -13*t - 6. Let c(i) = 45*i + 20. Let k(r) = 2*c(r) + 7*m(r). Calculate k(d).
-2
Let z(v) = -2*v - 3. Let x = -1 - 30. Let y = 26 + x. Calculate z(y).
7
Let i(m) = -2*m**2 - 21*m - 7. Let z(l) = -3*l - 3 - 7*l - 143*l**2 + 142*l**2. Let s(a) = -6*i(a) + 13*z(a). What is s(-4)?
3
Let g(z) = -9*z**3 + z - 1. Let f be 1*-5 - (0 + -1). Let t = f - -7. Let k = t - 2. Determine g(k).
-9
Let o be ((-10)/3)/(2/(-3)). Suppose -o*j + 1 = -4. Suppose -5 = -y + j. Let h(n) = -n**2 + 4*n + 6. Give h(y).
-6
Let d(n) = 8*n**2 + 9*n - 7. Let b(c) = -3*c**2 - 5*c + 3. Let k(o) = -5*b(o) - 2*d(o). What is k(6)?
5
Let v = -41 + 46. Let f(y) be the second derivative of y**4/12 - 2*y**3/3 - 3*y**2 + 10*y - 2. Give f(v).
-1
Let w(d) = -2*d**3 + 15*d**2 + 24*d + 7. Let n(l) = l**3 - l**2 - l. Let x(i) = -3*n(i) - w(i). Calculate x(-10).
3
Let r(x) = -3*x - 9. Suppose -42 - 11 = 5*a + 2*j, 2*j = a + 13. What is r(a)?
24
Let u = -614/5 + 123. Let a(y) be the third derivative of 0*y**3 + 0*y + 3*y**2 + u*y**5 + 1/24*y**4 + 0. What is a(1)?
13
Let s(w) = 2*w + 2. Let j be s(1). Suppose c + j*o - 1 - 8 = 0, -c = 2*o - 7. Let f(x) = x**2 - 6*x - 2. What is f(c)?
-7
Let c be -3 - (-42 + (3 - -1)/4). Let y = -38 + c. Let x(f) = -f**2 + 1. Calculate x(y).
1
Suppose 0 = -5*x + 4*m + 15, -x - 4*m - m + 3 = 0. Suppose 0 = f - 1, -x*o - 9 = -f - 32. Let v(p) = 7 + 0*p**2 - p**2 + 0*p**2 + 14*p - 7*p. Calculate v(o).
-1
Let q(b) = -b**3 - 39*b**2 - 43*b**2 + 6 + 86*b**2 + 4*b. Let d(c) = -c**2 + 2*c. Let s be d(4). Let r = 13 + s. Give q(r).
1
Let w(x) = -x**3 + x**2 - 3*x + 3. Suppose c = 3*n - 17, -3*c + 12 = -0. Suppose 0 = n*h - 3*h + 72. Let u be (2/(-6))/(3/h). What is w(u)?
-7
Let z(v) be the third derivative of v**6/120 - v**5/10 + v**3/3 + 164*v**2. Give z(4).
-30
Let p(c) = 5*c + 9. Let f(k) = -6*k - 10. Let g(z) = 2*f(z) + 3*p(z). Let m = 248 - 242. Give g(m).
25
Let z(f) = f**2 + 23*f - 26. Let u(p) = -p**2 - 24*p + 27. Let t(q) = -6*u(q) - 7*z(q). Give t(-18).
2
Let f(u) = -u**2 - 8*u - 4. Let d = 599 + -604. Calculate f(d).
11
Let q be (-1)/(-3*(-1)/(-6)). Let h(j) = -9*j**2 - 1 + 0*j + j + 9*j**2 + j**q. What is h(-1)?
-1
Let o(g) = 15*g**3 - 25*g**2 + 22*g + 1. Let y(q) = 7*q**3 - 12*q**2 + 10*q + 1. Let d(z) = 6*o(z) - 13*y(z). Calculate d(6).
5
Let n(l) = 2*l**2 + l. Let y be n(-2). Let g(a) be the second derivative of -3/2*a**3 + 0 - 4*a + 9/2*a**2 + 1/12*a**4. What is g(y)?
-9
Let h(s) = 8*s - 3. Let d be 2*((-12)/(-21))/(6/21). Let c be (-10)/d + (-5)/(-10) + 4. Calculate h(c).
13
Let p(l) = 3 + 13 - 3*l + 2*l - 2*l. Let a(x) = x - 1. Let m(s) = 4*a(s) + p(s). Let i be (-46)/8 - (-4)/(-16). Determine m(i).
6
Suppose -15 = -13*o - 15. Let w(b) = b**2 + b + 8. Determine w(o).
8
Let b(c) = -c**3 - c**2 + c. Let m(x) = -10*x - 2*x**